, 19163161
What are the prime factors of 13407431?
37, 362363
List the prime factors of 570189808.
2, 35636863
What are the prime factors of 397530335?
5, 79506067
What are the prime factors of 1184444808?
2, 3, 17, 61, 47591
List the prime factors of 296884828.
2, 23, 3227009
List the prime factors of 1190571622.
2, 21499, 27689
What are the prime factors of 226688585?
5, 31, 1462507
What are the prime factors of 1066652612?
2, 107, 251, 9929
List the prime factors of 3738352495.
5, 23, 32507413
What are the prime factors of 12424790?
2, 5, 7, 17, 53, 197
What are the prime factors of 94801948?
2, 53, 447179
List the prime factors of 7489157406.
2, 3, 1979, 630719
List the prime factors of 20114215.
5, 11, 229, 1597
List the prime factors of 2152450748.
2, 7, 79, 557, 1747
What are the prime factors of 47440301?
47440301
What are the prime factors of 46852666?
2, 7, 1039, 3221
What are the prime factors of 1891528269?
3, 9461, 66643
List the prime factors of 29921452.
2, 11, 101, 6733
What are the prime factors of 238944874?
2, 7, 19, 128327
List the prime factors of 10510107.
3, 109, 32141
What are the prime factors of 167551256?
2, 41, 510827
What are the prime factors of 121420027?
431, 281717
What are the prime factors of 15614487?
3, 7, 35407
What are the prime factors of 388174525?
5, 15526981
List the prime factors of 2173960900.
2, 5, 37, 83, 7079
List the prime factors of 1799846688.
2, 3, 18748403
What are the prime factors of 80046255?
3, 5, 587, 9091
List the prime factors of 1002892533.
3, 47, 7112713
List the prime factors of 4806203838.
2, 3, 59, 13576847
What are the prime factors of 80297655?
3, 5, 61, 127, 691
List the prime factors of 256286335.
5, 883, 58049
What are the prime factors of 233986592?
2, 7, 1044583
List the prime factors of 246204380.
2, 5, 12310219
List the prime factors of 1209447920.
2, 5, 15118099
List the prime factors of 264031847.
19, 311, 44683
List the prime factors of 90318554.
2, 37, 683, 1787
What are the prime factors of 117875420?
2, 5, 13, 453367
What are the prime factors of 3548842397?
31, 1489, 76883
List the prime factors of 477226593.
3, 41, 431099
List the prime factors of 744461548.
2, 186115387
What are the prime factors of 486998958?
2, 3, 37, 2193689
What are the prime factors of 58285569?
3, 59, 329297
List the prime factors of 2656616392.
2, 332077049
List the prime factors of 824730523.
331, 1153, 2161
What are the prime factors of 2292259443?
3, 31, 24647951
List the prime factors of 50375300.
2, 5, 503753
List the prime factors of 732687542.
2, 31, 37, 10303
What are the prime factors of 23410622?
2, 19, 616069
List the prime factors of 3599552495.
5, 7, 11, 1335641
What are the prime factors of 9086515204?
2, 13, 37, 4722721
What are the prime factors of 21028910?
2, 5, 7, 300413
What are the prime factors of 445283944?
2, 7, 41, 193939
List the prime factors of 68319180.
2, 3, 5, 126517
List the prime factors of 178738287.
3, 7, 13, 50363
List the prime factors of 750680191.
12323, 60917
What are the prime factors of 27549727?
443, 62189
List the prime factors of 19106390.
2, 5, 67, 28517
List the prime factors of 123609090.
2, 3, 5, 11, 31, 43, 281
What are the prime factors of 262164947?
11, 41, 109, 5333
What are the prime factors of 4947656512?
2, 827, 93479
List the prime factors of 1363111081.
53, 25719077
List the prime factors of 576289526.
2, 43, 1619, 4139
What are the prime factors of 23772018?
2, 3, 17, 23, 10133
What are the prime factors of 320798918?
2, 11, 2903, 5023
What are the prime factors of 693381892?
2, 7, 24763639
What are the prime factors of 1505998854?
2, 3, 4159, 20117
List the prime factors of 287943383.
7, 13, 243401
List the prime factors of 139983370.
2, 5, 179, 78203
What are the prime factors of 855629604?
2, 3, 23767489
What are the prime factors of 805313486?
2, 661, 609163
List the prime factors of 74816741.
74816741
What are the prime factors of 192413903?
11, 53, 330041
List the prime factors of 242882335.
5, 89, 673, 811
What are the prime factors of 9065919?
3, 31, 71, 1373
List the prime factors of 5976102482.
2, 7, 137, 3115799
List the prime factors of 30988341.
3, 661, 5209
What are the prime factors of 72270098?
2, 1879, 19231
What are the prime factors of 275229743?
61, 83, 54361
List the prime factors of 133661175.
3, 5, 73, 24413
List the prime factors of 51894803.
577, 89939
List the prime factors of 72809132.
2, 11, 587, 2819
What are the prime factors of 1347858451?
8863, 152077
What are the prime factors of 5937871?
37, 160483
List the prime factors of 62208869.
19, 3274151
What are the prime factors of 127847791?
673, 189967
List the prime factors of 63474354.
2, 3, 391817
What are the prime factors of 1675612496?
2, 31, 71, 47581
What are the prime factors of 2295176654?
2, 181, 6340267
What are the prime factors of 281584897?
11, 25598627
What are the prime factors of 781168445?
5, 17, 349, 1549
List the prime factors of 140567411.
140567411
What are the prime factors of 48172053?
3, 367, 43753
List the prime factors of 124351871.
7, 17764553
What are the prime factors of 180273370?
2, 5, 31, 581527
What are the prime factors of 1383362906?
2, 19, 251, 145037
What are the prime factors of 15022256?
2, 787, 1193
List the prime factors of 514829767.
1993, 258319
What are the prime factors of 4013640807?
3, 11, 19, 6401341
List the prime factors of 2165887.
23, 94169
List the prime factors of 2350911026.
2, 9677, 121469
List the prime factors of 63732116.
2, 7, 17, 191, 701
List the prime factors of 181455431.
31, 1483, 3947
List the prime factors of 15803391.
3, 5267797
List the prime factors of 2834298234.
2, 3, 23, 6846131
What are the prime factors of 1141792885?
5, 228358577
What are the prime factors of 50391634?
2, 25195817
What are the prime factors of 209440447?
209440447
List the prime factors of 6410733071.
31, 887, 233143
List the prime factors of 69686106.
2, 3, 7, 233, 7121
What are the prime factors of 478407206?
2, 1709, 139967
List the prime factors of 748060474.
2, 7, 53432891
What are the prime factors of 52906333?
52906333
What are the prime factors of 61797105?
3, 5, 31, 1429
What are the prime factors of 267498648?
2, 3, 23, 163, 991
What are the prime factors of 2906544268?
2, 3527, 206021
List the prime factors of 11048035.
5, 2209607
List the prime factors of 1842293910.
2, 3, 5, 17, 3612341
What are the prime factors of 415112234?
2, 23, 167, 54037
List the prime factors of 1333358366.
2, 79, 8438977
List the prime factors of 764126196.
2, 3, 63677183
List the prime factors of 1528185914.
2, 29, 37, 712109
What are the prime factors of 3557213335?
5, 13, 149, 311, 1181
List the prime factors of 212077780.
2, 5, 67, 101, 1567
List the prime factors of 4128743546.
2, 67, 30811519
What are the prime factors of 85111246?
2, 11, 239, 16187
What are the prime factors of 267972244?
2, 503, 133187
What are the prime factors of 3502407381?
3, 11, 106133557
What are the prime factors of 32517042?
2, 3, 5419507
What are the prime factors of 99082704?
2, 3, 7, 103, 409
What are the prime factors of 96679464?
2, 3, 7, 575473
What are the prime factors of 265565170?
2, 5, 13, 2042809
List the prime factors of 2441954480.
2, 5, 7, 19, 229507
What are the prime factors of 30452677?
4967, 6131
List the prime factors of 64670916.
2, 3, 5389243
What are the prime factors of 51285284?
2, 31, 67, 6173
List the prime factors of 71192278.
2, 19, 157, 11933
List the prime factors of 52710772.
2, 1283, 10271
List the prime factors of 4103599027.
11, 23, 16219759
List the prime factors of 4841808310.
2, 5, 3989, 121379
What are the prime factors of 137486727?
3, 7, 131, 617
What are the prime factors of 306078151?
29, 10554419
What are the prime factors of 336152788?
2, 19, 4423063
What are the prime factors of 108220764?
2, 3, 127, 71011
List the prime factors of 2239920442.
2, 17, 727, 90619
What are the prime factors of 883465006?
2, 23, 19205761
List the prime factors of 354205855.
5, 29, 73, 109, 307
What are the prime factors of 42558562?
2, 43, 73, 6779
What are the prime factors of 537551562?
2, 3, 2357, 38011
What are the prime factors of 68514588?
2, 3, 29, 31, 73
List the prime factors of 2232714762.
2, 3, 313